1*p + 2*p**3 + 13*p + 3 + p**2 - 22*p. What is r(-2)?
-13
Let o(c) = 3*c - 9. Suppose 4*v - 25 = l, 8*v - 3*v - l - 31 = 0. Determine o(v).
9
Let k = -11 - -12. Let o(t) = 8*t**2 - 2*t + 1. Determine o(k).
7
Let i(y) = y**2 - 5*y - 1. Suppose 3*n + 2*p + 8 = 0, -4*n = -0*n + 2*p + 8. Suppose 0*c + 2*c - 10 = n. Give i(c).
-1
Suppose 0 = 4*i - g - 8 - 21, -2*g = -i + 16. Let v(m) = -m**2 - m + 3. Let n(j) = 4*j**2 + 2*j - 2 - 1 - 3*j**2. Let q(p) = i*n(p) + 7*v(p). Calculate q(5).
3
Let t(m) = -m**3 - 7*m**2 - 7*m - 7. Let a(z) = -z - 4. Let c be a(-9). Suppose -4*k + 2*p = 26, -17 = 4*k + 2*p + c. Give t(k).
-1
Let b(q) = q**3 - 9*q**2 + 4. Let k be b(9). Suppose -5*n + k = -11. Let v(i) = i - 2. What is v(n)?
1
Let z be ((3/(3/(-2)))/3)/(-2). Let w(b) be the second derivative of -2*b + 0*b**2 + 1/12*b**4 + z*b**3 + 0. Determine w(2).
8
Let x(j) be the first derivative of j**3/3 - j**2/2 + 3*j + 8. Determine x(0).
3
Let c(l) = -l + 6. Let i be c(5). Let d(a) = i - a + 1 + 2*a. Let y(j) = -j**2 - 4*j + 7. Let f be y(-5). Give d(f).
4
Let l(h) = h**2 - 11*h + 7. Let d be l(10). Let j(b) = -b**3 - b**2 + 4*b + 1. Determine j(d).
7
Let n(d) = -5*d. Let m = 1 - 2. Calculate n(m).
5
Let y(q) be the first derivative of q**3/3 - 6*q**2 + 14*q - 12. Calculate y(11).
3
Let z(y) = -14*y**2 + 15*y - 8. Let x(j) = -5*j**2 + 5*j - 3. Let n(i) = 11*x(i) - 4*z(i). Give n(4).
-5
Let i(g) = g**2 + 2. Let u(j) = j**2 + 3*j + 14. Let h(y) = 5*i(y) - u(y). Calculate h(3).
23
Let v(d) = -6*d**2 + 5*d**2 + 3 + 9*d + d**3 + 0*d**3. Let w(i) = -2*i**3 + i**2 - 19*i - 6. Let h(l) = 13*v(l) + 6*w(l). Calculate h(6).
-15
Suppose 7 - 1 = 3*c. Suppose f = -5*b - 8, c*b + 2 = 2*f - 3*f. Let d(g) = -g**3 + 4*g - 3. Give d(f).
-3
Suppose -4*m = -l + 4*l - 18, 2*l - 3*m + 5 = 0. Let i(a) = -a. Let q be i(-2). Let x(y) = q - 2*y**2 - 5*y + 3*y**2 + y. Calculate x(l).
-2
Let q(p) = p**2 - 6*p + 3. Let j be q(7). Let z(m) = -4 + 0 + j - 9 - m. Determine z(3).
-6
Let u(x) = 2 + 0*x + 9*x**2 - 8*x**2 + 2 - 7*x. Give u(7).
4
Let y(l) = -2 - 3 + 3*l - 5*l. Suppose 0 = -4*b + 16, -4*r - 2*b - 3*b = -4. Calculate y(r).
3
Suppose -5*n - 18 = -j, j + 3*n + 18 = 4*j. Let x(s) = s**3 - 3*s**2 + 2*s. Determine x(j).
6
Let z(a) = a**3 + 6*a**2 + 5*a + 1. Let d = -75 + 71. Give z(d).
13
Let h be 2 - (1 + (13 - 1)). Let y(o) = -o - 8. Let k be y(h). Let u(s) = -8*s - 2. Let c(x) = 12*x + 3. Let p(d) = -5*c(d) - 8*u(d). What is p(k)?
13
Let n(x) = 6*x - 1. Suppose 2*d - 3*d = 0. Suppose d = -4*l + 2*u, 3*l - 2*u = 6*l - 7. Determine n(l).
5
Let r(x) = -x. Let f(m) = -18*m + 5. Let a(g) = 53*g - 14. Let n(p) = -6*a(p) - 17*f(p). Let k = 1 - -5. Let t(h) = k*r(h) - n(h). Give t(1).
7
Let r(s) be the first derivative of -6 + s**2 - s + 2/3*s**3. What is r(1)?
3
Let r(g) = -2*g + 7. Let k(u) = 3*u - 8. Let m = -7 - -4. Let z(q) = m*k(q) - 4*r(q). Let d(p) = -2*p + 8. Let s be d(6). Calculate z(s).
0
Let c(a) = a**3 - 2*a**2 - 2*a - 4. Suppose 5*d = -4*f + 5*f + 17, f - 13 = -5*d. Give c(d).
-1
Let q = 32 - 47. Suppose -3*s + 8*s - 6 = -2*n, 5*n - 4*s = -18. Let x be (n/(-3))/(2/q). Let m(h) = h**3 + 6*h**2 + 2*h - 5. Calculate m(x).
10
Let t = -34 + 30. Let w(y) = -y - 1. Calculate w(t).
3
Suppose 0*x - 2*x = 4*z - 24, -5*x + 16 = -z. Let a(n) be the third derivative of n**5/60 - 5*n**4/24 - n**3/3 + 8*n**2. Give a(x).
-6
Let c(u) = u**2 + u - 1. Let f(x) = 7*x**3 - 4*x**2 - 5*x + 2. Let r(a) = -3*c(a) - f(a). Suppose -4*v + 12 = -7*b + 3*b, 4 = 4*v - 2*b. Give r(v).
7
Let l(t) be the third derivative of -t**6/120 - t**5/30 + 23*t**2. Calculate l(-2).
0
Let d(k) = -k + 2. Suppose -3*z = -z. Suppose 3*u + 4*v - 3 = z, -2*u - 2*u + 4 = 3*v. Suppose -m + 1 = -u. Determine d(m).
0
Let r(y) = -2*y - 8. Let m = -74 - -67. What is r(m)?
6
Let l = 12 - 5. Let h(c) = l*c + 7 + 0 - 2 + c**2. Suppose 4*z - 2*n = -16, 5*z - n = -39 + 13. Give h(z).
-1
Let g = 8 + -3. Let m(o) = -8*o**2 - 5*o - 6*o + 5*o + 4 + 4 - o**3. Let y(n) = 2*n**3 + 17*n**2 + 13*n - 17. Let u(j) = g*m(j) + 2*y(j). Determine u(-5).
1
Let t(u) = -u + 4*u - 4*u - 1 - 6*u**2. Determine t(-1).
-6
Let j = 27 + -16. Suppose -27 + j = 4*b. Let i(m) = m**3 + 3*m**2 - 4*m - 1. Give i(b).
-1
Let h(p) = -2. Let t(b) = b**2 - 10. Let k(a) = -10*h(a) + 2*t(a). Suppose -5*r = -3*n + 39 + 2, 2*r = 5*n - 43. Let o = n - 6. Calculate k(o).
2
Let b(r) = -r**3 - 2*r**2 + 4*r. Let v(z) = -6*z - 1. Let c be v(-2). Let q = c + -14. Calculate b(q).
-3
Let q(y) = 3*y - 2. Let b(o) = -13*o + 7. Let h(c) = 2*b(c) + 9*q(c). Let v be (-35)/(-20) - 4/(-16). Calculate h(v).
-2
Let h be (-1)/2*(-6 + 2). Let a(j) = -2*j + 0*j**3 - j**3 + h*j + j. Let o(s) = s**3 - 2*s**2 - 2*s + 2. Let d be o(2). What is a(d)?
6
Suppose 16 = s + 2*d + 3, 2*s - 4*d = -6. Let u(n) = 3 + 6*n**2 + 4 - s - 7*n**2. Let a be ((-2)/(-6))/((-1)/(-6)). What is u(a)?
-2
Suppose -8 = -4*j + 12. Suppose -j*q = 1 + 19. Let k = q - 1. Let d(r) = -r**2 - 4*r - 1. Calculate d(k).
-6
Let k(l) = l + 2. Let g be k(0). Let y = 5 - g. Let x(h) = -h + 0*h + y*h. Calculate x(2).
4
Let t be -2*7*(-1)/2. Let f(x) = -5*x - x - x**2 + x**3 + t*x + 3*x**2. Calculate f(-2).
-2
Suppose -t = -1 - 1. Let u(n) = -2 - n**2 + 5*n + t*n**2 - 4 + 4. Let i = 7 + -11. What is u(i)?
-6
Let r(a) = 4 + 5 - 5 - a. Suppose -z - z = -2. Let d be ((-5)/10)/(z/(-4)). Give r(d).
2
Let w = -8 + 10. Let p(n) = 1 - 5*n**w - 2 + 5*n - n**3 + 7 - 2. Calculate p(-6).
10
Let w be (14/48)/(2 + 6/(-4)). Let k(j) be the second derivative of -4/3*j**3 - 1/20*j**5 - 2*j + 4*j**2 + 0 + w*j**4. Calculate k(6).
-4
Suppose 0 = -t - t + 14. Let r(g) = -g**2 + 2 - t + 7*g - 1. Let k be (3/(-3))/((-2)/10). Calculate r(k).
4
Let r be 3 - (5 + 5 + -3). Let h(f) = 2*f**2 - f - 4. Let d(s) = -3*s**2 + 2*s + 5. Let p(z) = r*h(z) - 3*d(z). Determine p(2).
1
Let f(q) = q**3 - 6*q**2 + 3. Let z = 0 + 3. Suppose 3*m - z = 15. Calculate f(m).
3
Let x(f) = 3*f**2 + 2*f - 7. Let v(p) = -10*p**2 - 7*p + 20. Let w(h) = -2*v(h) - 7*x(h). Give w(0).
9
Suppose -5*s + 6*p = 3*p - 34, -4*s + p = -23. Let g(a) = a**2 - 6*a - 2. Give g(s).
-7
Let v(w) be the third derivative of 0*w**4 - 1/30*w**6 + 0*w**3 + 0*w + 1/60*w**5 - 2*w**2 + 0. Let y(o) = -o + 8. Let a be y(7). Give v(a).
-3
Let j be (-2)/3*27/(-6). Let i(b) = -b + 1. Let v(h) = 4*h + 1. Let f(a) = 5*i(a) + v(a). What is f(j)?
3
Let x(q) = q - 1. Let t(k) = 5*k + 3. Let f(r) = t(r) - 6*x(r). Calculate f(0).
9
Let j(l) = -4 + 3*l - 2*l + 12. Suppose -2*c = -4*x - 8, 3*c + x + 2 = 2*c. Calculate j(c).
8
Let x(v) = -22*v**3 + v + 1. Let c(d) = -d**3 - d - 1. Let o be c(0). What is x(o)?
22
Let v(l) = l**3 + 3. Suppose 3*h = 4*u + 28, -3*u + 7 = -4*u - 4*h. Let s(y) = -2*y**3 + y**2 - y - 7. Let m(k) = u*v(k) - 3*s(k). Give m(-3).
-9
Let z(u) = 10*u**3 + u**2 - u - 1. Let n(f) = 13 + f**3 - 6*f**2 - 2 + 2*f + f - 5*f. Let v be n(6). Determine z(v).
-9
Let a(q) = 3 - q - 5 - 10. Let p be a(-12). Let f(l) = l + 5. What is f(p)?
5
Let q(s) = 11*s**2 - 2*s - 3. Let v(c) = 22*c**2 - 3*c - 5. Let d(i) = 5*q(i) - 3*v(i). Let y be -6 - -9 - 12/3. Determine d(y).
-10
Let n(o) be the second derivative of o**5/20 + 5*o**4/12 - 5*o**3/6 + o**2/2 + o. Let u = -64 + 58. Give n(u).
-5
Let q(g) = g**2 - 6*g + 6. Suppose -n + 5*w + 12 = 2, 0 = w - 3. Suppose 3*d + 2*d = n. Calculate q(d).
1
Let g(k) = -2*k**3 - 23*k**2 - 12*k + 12. Let z(u) = u**3 + 12*u**2 + 6*u - 6. Let l(t) = 4*g(t) + 7*z(t). Give l(-7).
-1
Let l(y) = y - 1. Suppose -15 = -0*j - 5*j. Let m = -1 + 4. Let r be (-13)/m + (-2)/j. Give l(r).
-6
Let c(a) = -a**2. Let d(l) = 5*l**2 + 3*l + 5. Let m(s) = -6*c(s) - d(s). Suppose -2*f - i - 1 = -14, 5*f + i - 25 = 0. Give m(f).
-1
Let f(g) be the first derivative of -3*g**4 + 2*g**3/3 + g**2 + g - 6. Determine f(-1).
13
Let y(b) = 6 - 3*b - 6*b**2 - b**3 + 18 - 20. Suppose -5 = 2*m - m. Determine y(m).
-6
Let g(w) = w**2 + 3*w - 7. Let l = -20 + 28. Suppose -2*k = 2*k + l. Let p(m) = -2*m**2 - m + 1. Let v be p(k). What is g(v)?
3
Suppose -3*v = -4*g + 11, -9*v = -5*v - g + 19. Let m(z) = z**3 + 5*z**2 - 7. Determine m(v).
-7
Let m(b) = 0*b**3 + 0 - 1 - 4 - 3*b**3. Let d(x) = 2*x**3 + 2. Let o(i) = -7*d(i) - 3*m(i). Determine o(-1).
6
Let t(f) = f**3 - 7*f**2 + 4. Let k be t(7). Let j(w) = w**3 - 3*w**2 - 5*w - 2. Determ